{"id":8287,"date":"2020-06-11T19:53:55","date_gmt":"2020-06-11T19:53:55","guid":{"rendered":"https:\/\/cafecrem.com\/?page_id=8287"},"modified":"2020-06-11T19:53:55","modified_gmt":"2020-06-11T19:53:55","slug":"ficha-master","status":"publish","type":"page","link":"https:\/\/cafecrem.com\/ca\/ficha-master\/","title":{"rendered":"FICHA MASTER"},"content":{"rendered":"<div class=\"wpb-content-wrapper\">[vc_row][vc_column border_color=&#8221;#ffffff&#8221; width=&#8221;1\/2&#8243; css=&#8221;.vc_custom_1591904944576{background-color: #ffffff !important;}&#8221;][mk_content_box heading=&#8221;CAF\u00c9 CREM CLASSIC&#8221;][vc_single_image image=&#8221;8289&#8243; img_size=&#8221;full&#8221; alignment=&#8221;center&#8221; css_animation=&#8221;fadeIn&#8221; css=&#8221;.vc_custom_1591905199709{margin-left: -20px !important;}&#8221;][\/mk_content_box][\/vc_column][vc_column width=&#8221;1\/2&#8243;][vc_column_text css=&#8221;.vc_custom_1591905069442{margin-bottom: 0px !important;}&#8221;]\n<h3>NOTA DE CATA<\/h3>\n[\/vc_column_text][vc_column_text css=&#8221;.vc_custom_1591902520769{margin-bottom: 0px !important;}&#8221;]Caf\u00e9 100% Natural. Un blend especial, realizado con caf\u00e9 procedente de nuestras fincas seleccionadas. Este blend contiene caf\u00e9 tostado de dos especialidades: un 50% de caf\u00e9 Ar\u00e1bica y otro 50% de caf\u00e9 Robusta. Durante a\u00f1os, ha sido un gran \u00e9xito entre los caf\u00e9s naturales 100% porque es un caf\u00e9 muy bien balanceado y cremoso. Muy valorado por los amantes de caf\u00e9s ristrettos o cortos y, de gran cuerpo para bebidas con leche, cappuccino o caf\u00e9 con leche tradicional.[\/vc_column_text][vc_column_text css=&#8221;.vc_custom_1591905219538{margin-bottom: 0px !important;}&#8221;]\n<h4>FORMATO<\/h4>\n[\/vc_column_text][vc_column_text css=&#8221;.vc_custom_1591902571356{margin-bottom: 0px !important;}&#8221;]Grano (1kg y 3kg), c\u00e1psula profesional (FAP-39)[\/vc_column_text][vc_progress_bar values=&#8221;%5B%7B%22label%22%3A%22AROMA%20-%20%22%2C%22value%22%3A%22100%22%2C%22color%22%3A%22bar_red%22%7D%2C%7B%22label%22%3A%22ACIDEZ%20-%20%22%2C%22value%22%3A%2277%22%2C%22color%22%3A%22bar_red%22%7D%2C%7B%22label%22%3A%22CUERPO%20-%20%22%2C%22value%22%3A%2266%22%2C%22color%22%3A%22bar_red%22%7D%2C%7B%22label%22%3A%22AMARGOR%20%2F%20DULZOR%20-%20%22%2C%22value%22%3A%2294%22%2C%22color%22%3A%22bar_red%22%7D%5D&#8221; options=&#8221;animated&#8221; css_animation=&#8221;fadeInLeft&#8221; units=&#8221;%&#8221;][\/vc_column][\/vc_row]\n<\/div>","protected":false},"excerpt":{"rendered":"<p>[vc_row][vc_column border_color=&#8221;#ffffff&#8221; width=&#8221;1\/2&#8243; css=&#8221;.vc_custom_1591904944576{background-color: #ffffff !important;}&#8221;][mk_content_box heading=&#8221;CAF\u00c9 CREM CLASSIC&#8221;][vc_single_image image=&#8221;8289&#8243; img_size=&#8221;full&#8221; alignment=&#8221;center&#8221; css_animation=&#8221;fadeIn&#8221; css=&#8221;.vc_custom_1591905199709{margin-left: -20px !important;}&#8221;][\/mk_content_box][\/vc_column][vc_column width=&#8221;1\/2&#8243;][vc_column_text css=&#8221;.vc_custom_1591905069442{margin-bottom: 0px !important;}&#8221;] NOTA DE CATA [\/vc_column_text][vc_column_text css=&#8221;.vc_custom_1591902520769{margin-bottom: 0px !important;}&#8221;]Caf\u00e9 100% Natural. Un blend especial, realizado con caf\u00e9 procedente de nuestras fincas seleccionadas. Este blend contiene caf\u00e9 tostado de dos especialidades: un 50% de caf\u00e9 Ar\u00e1bica y otro [&hellip;]<\/p>\n","protected":false},"author":2,"featured_media":0,"parent":0,"menu_order":0,"comment_status":"closed","ping_status":"closed","template":"","meta":{"inline_featured_image":false,"footnotes":""},"class_list":["post-8287","page","type-page","status-publish","hentry"],"_links":{"self":[{"href":"https:\/\/cafecrem.com\/ca\/wp-json\/wp\/v2\/pages\/8287","targetHints":{"allow":["GET"]}}],"collection":[{"href":"https:\/\/cafecrem.com\/ca\/wp-json\/wp\/v2\/pages"}],"about":[{"href":"https:\/\/cafecrem.com\/ca\/wp-json\/wp\/v2\/types\/page"}],"author":[{"embeddable":true,"href":"https:\/\/cafecrem.com\/ca\/wp-json\/wp\/v2\/users\/2"}],"replies":[{"embeddable":true,"href":"https:\/\/cafecrem.com\/ca\/wp-json\/wp\/v2\/comments?post=8287"}],"version-history":[{"count":2,"href":"https:\/\/cafecrem.com\/ca\/wp-json\/wp\/v2\/pages\/8287\/revisions"}],"predecessor-version":[{"id":8296,"href":"https:\/\/cafecrem.com\/ca\/wp-json\/wp\/v2\/pages\/8287\/revisions\/8296"}],"wp:attachment":[{"href":"https:\/\/cafecrem.com\/ca\/wp-json\/wp\/v2\/media?parent=8287"}],"curies":[{"name":"wp","href":"https:\/\/api.w.org\/{rel}","templated":true}]}}

<div class="wpb-content-wrapper">[vc_row][vc_column border_color=&#8221;#ffffff&#8221; width=&#8221;1/2&#8243; css=&#8221;.vc_custom_1591904944576{background-color: #ffffff !important;}&#8221;][mk_content_box heading=&#8221;CAFÉ CREM CLASSIC&#8221;][vc_single_image image=&#8221;8289&#8243; img_size=&#8221;full&#8221; alignment=&#8221;center&#8221; css_animation=&#8221;fadeIn&#8221; css=&#8221;.vc_custom_1591905199709{margin-left: -20px !important;}&#8221;][/mk_content_box][/vc_column][vc_column width=&#8221;1/2&#8243;][vc_column_text css=&#8221;.vc_custom_1591905069442{margin-bottom: 0px !important;}&#8221;]
<h3>NOTA DE CATA</h3>
[/vc_column_text][vc_column_text css=&#8221;.vc_custom_1591902520769{margin-bottom: 0px !important;}&#8221;]Café 100% Natural. Un blend especial, realizado con café procedente de nuestras fincas seleccionadas. Este blend contiene café tostado de dos especialidades: un 50% de café Arábica y otro 50% de café Robusta. Durante años, ha sido un gran éxito entre los cafés naturales 100% porque es un café muy bien balanceado y cremoso. Muy valorado por los amantes de cafés ristrettos o cortos y, de gran cuerpo para bebidas con leche, cappuccino o café con leche tradicional.[/vc_column_text][vc_column_text css=&#8221;.vc_custom_1591905219538{margin-bottom: 0px !important;}&#8221;]
<h4>FORMATO</h4>
[/vc_column_text][vc_column_text css=&#8221;.vc_custom_1591902571356{margin-bottom: 0px !important;}&#8221;]Grano (1kg y 3kg), cápsula profesional (FAP-39)[/vc_column_text][vc_progress_bar values=&#8221;%5B%7B%22label%22%3A%22AROMA%20-%20%22%2C%22value%22%3A%22100%22%2C%22color%22%3A%22bar_red%22%7D%2C%7B%22label%22%3A%22ACIDEZ%20-%20%22%2C%22value%22%3A%2277%22%2C%22color%22%3A%22bar_red%22%7D%2C%7B%22label%22%3A%22CUERPO%20-%20%22%2C%22value%22%3A%2266%22%2C%22color%22%3A%22bar_red%22%7D%2C%7B%22label%22%3A%22AMARGOR%20%2F%20DULZOR%20-%20%22%2C%22value%22%3A%2294%22%2C%22color%22%3A%22bar_red%22%7D%5D&#8221; options=&#8221;animated&#8221; css_animation=&#8221;fadeInLeft&#8221; units=&#8221;%&#8221;][/vc_column][/vc_row]
</div>

<p>[vc_row][vc_column border_color=&#8221;#ffffff&#8221; width=&#8221;1/2&#8243; css=&#8221;.vc_custom_1591904944576{background-color: #ffffff !important;}&#8221;][mk_content_box heading=&#8221;CAFÉ CREM CLASSIC&#8221;][vc_single_image image=&#8221;8289&#8243; img_size=&#8221;full&#8221; alignment=&#8221;center&#8221; css_animation=&#8221;fadeIn&#8221; css=&#8221;.vc_custom_1591905199709{margin-left: -20px !important;}&#8221;][/mk_content_box][/vc_column][vc_column width=&#8221;1/2&#8243;][vc_column_text css=&#8221;.vc_custom_1591905069442{margin-bottom: 0px !important;}&#8221;] NOTA DE CATA [/vc_column_text][vc_column_text css=&#8221;.vc_custom_1591902520769{margin-bottom: 0px !important;}&#8221;]Café 100% Natural. Un blend especial, realizado con café procedente de nuestras fincas seleccionadas. Este blend contiene café tostado de dos especialidades: un 50% de café Arábica y otro [&hellip;]</p>
