{"id":12285,"date":"2025-11-17T13:30:04","date_gmt":"2025-11-17T13:30:04","guid":{"rendered":"https:\/\/cafecrem.com\/?post_type=product&#038;p=12285"},"modified":"2025-11-17T13:33:47","modified_gmt":"2025-11-17T13:33:47","slug":"maquina-de-cafe-en-capsulas-profesionales-espresso-point-sgl-smarty","status":"publish","type":"product","link":"http:\/\/cafecrem.com\/ca\/producte\/maquina-de-cafe-en-capsulas-profesionales-espresso-point-sgl-smarty\/","title":{"rendered":"M\u00e1quina de caf\u00e9 en c\u00e1psulas profesionales (Espresso Point\u00ae) &#8211; SGL Smarty"},"content":{"rendered":"<p>Compacta, vers\u00e1til y muy f\u00e1cil de usar, re\u00fane todas las cualidades m\u00e1s apreciadas de su categor\u00eda con una est\u00e9tica moderna y atractiva.<br \/>\nDisponible en blanco, se adapta a cualquier entorno profesional o dom\u00e9stico.<br \/>\nSu interfaz simple permite elegir entre dos versiones de funcionamiento: dosificaci\u00f3n manual o autom\u00e1tica, e incorpora un anillo LED luminoso que indica posibles alertas.<\/p>\n<p><strong>Caracter\u00edsticas principales:<\/strong><\/p>\n<ul>\n<li>Compatibilidad con c\u00e1psulas profesionales (Espresso Point\u00ae).<\/li>\n<li>Dosificaci\u00f3n de caf\u00e9 manual o autom\u00e1tica.<\/li>\n<li>Rejilla porta tazas regulable en altura (69-91 mm).<\/li>\n<li>Interfaz sencilla e intuitiva.<\/li>\n<li>Expulsi\u00f3n semiautom\u00e1tica de c\u00e1psulas.<\/li>\n<li>Dep\u00f3sito de agua de 0,8 L.<\/li>\n<li>Contenedor para 8 c\u00e1psulas usadas.<\/li>\n<li>Potencia: 1050 W \u2013 Peso: 3,75 kg.<\/li>\n<\/ul>\n","protected":false},"excerpt":{"rendered":"<div>\n<div>La cafetera SGL Smarty combina dise\u00f1o moderno, facilidad de uso y compatibilidad con c\u00e1psulas profesionales Espresso Point\u00ae. Ideal para oficinas, peque\u00f1os negocios o uso dom\u00e9stico.<\/div>\n<\/div>\n","protected":false},"featured_media":12286,"template":"","meta":{"inline_featured_image":false},"product_brand":[],"product_cat":[227],"product_tag":[],"class_list":{"0":"post-12285","1":"product","2":"type-product","3":"status-publish","4":"has-post-thumbnail","6":"product_cat-maquinaria","8":"first","9":"instock","10":"taxable","11":"shipping-taxable","12":"purchasable","13":"product-type-simple"},"_links":{"self":[{"href":"http:\/\/cafecrem.com\/ca\/wp-json\/wp\/v2\/product\/12285","targetHints":{"allow":["GET"]}}],"collection":[{"href":"http:\/\/cafecrem.com\/ca\/wp-json\/wp\/v2\/product"}],"about":[{"href":"http:\/\/cafecrem.com\/ca\/wp-json\/wp\/v2\/types\/product"}],"wp:featuredmedia":[{"embeddable":true,"href":"http:\/\/cafecrem.com\/ca\/wp-json\/wp\/v2\/media\/12286"}],"wp:attachment":[{"href":"http:\/\/cafecrem.com\/ca\/wp-json\/wp\/v2\/media?parent=12285"}],"wp:term":[{"taxonomy":"product_brand","embeddable":true,"href":"http:\/\/cafecrem.com\/ca\/wp-json\/wp\/v2\/product_brand?post=12285"},{"taxonomy":"product_cat","embeddable":true,"href":"http:\/\/cafecrem.com\/ca\/wp-json\/wp\/v2\/product_cat?post=12285"},{"taxonomy":"product_tag","embeddable":true,"href":"http:\/\/cafecrem.com\/ca\/wp-json\/wp\/v2\/product_tag?post=12285"}],"curies":[{"name":"wp","href":"https:\/\/api.w.org\/{rel}","templated":true}]}}

Máquina de café en cápsulas profesionales (Espresso Point®) &#8211; SGL Smarty

<p>Compacta, versátil y muy fácil de usar, reúne todas las cualidades más apreciadas de su categoría con una estética moderna y atractiva.<br />
Disponible en blanco, se adapta a cualquier entorno profesional o doméstico.<br />
Su interfaz simple permite elegir entre dos versiones de funcionamiento: dosificación manual o automática, e incorpora un anillo LED luminoso que indica posibles alertas.</p>
<p><strong>Características principales:</strong></p>
<ul>
<li>Compatibilidad con cápsulas profesionales (Espresso Point®).</li>
<li>Dosificación de café manual o automática.</li>
<li>Rejilla porta tazas regulable en altura (69-91 mm).</li>
<li>Interfaz sencilla e intuitiva.</li>
<li>Expulsión semiautomática de cápsulas.</li>
<li>Depósito de agua de 0,8 L.</li>
<li>Contenedor para 8 cápsulas usadas.</li>
<li>Potencia: 1050 W – Peso: 3,75 kg.</li>
</ul>

<div>
<div>La cafetera SGL Smarty combina diseño moderno, facilidad de uso y compatibilidad con cápsulas profesionales Espresso Point®. Ideal para oficinas, pequeños negocios o uso doméstico.</div>
</div>
