{"id":11515,"date":"2020-03-16T18:56:07","date_gmt":"2020-03-16T18:56:07","guid":{"rendered":"https:\/\/cafecrem.shortcode.es\/producto\/6-tasses-de-cafe-amb-llet-relleu-6-plats-by-ideal-coffee\/"},"modified":"2025-03-04T19:16:21","modified_gmt":"2025-03-04T19:16:21","slug":"6-tasses-de-cafe-amb-llet-relleu-6-plats-by-ideal-coffee","status":"publish","type":"product","link":"http:\/\/cafecrem.com\/ca\/producte\/6-tasses-de-cafe-amb-llet-relleu-6-plats-by-ideal-coffee\/","title":{"rendered":"6 Tasses de caf\u00e8 amb llet relleu + 6 plats by Ideal Coffee"},"content":{"rendered":"<div class=\"std\" style=\"margin:0px;padding:0px;border:0px;font-size:15px;line-height:inherit;font-family:Lato;vertical-align:baseline;color:#2f1a13;background-color:#ffffff;\">\n<p style=\"margin:0px 0px 10px;padding:0px;border:0px;font-style:inherit;font-variant:inherit;font-weight:inherit;font-size:inherit;line-height:20px;font-family:inherit;vertical-align:baseline;text-align:justify;\">Material de molt alta qualitat, amb gran gruix i resist\u00e8ncia. Si la fas servir de manera dom\u00e8stica, primer escalfa la tassa 6 segons al microones perqu\u00e8 la baixa temperatura no trenqui la crema del teu caf\u00e8.<\/p>\n<\/p><\/div>\n<p style=\"margin:0px 0px 10px;padding:0px;border:0px;font-size:15px;line-height:20px;font-family:Lato;vertical-align:baseline;color:#2f1a13;background-color:#ffffff;\"><span style=\"margin:0px;padding:0px;border:0px;font-style:inherit;font-variant:inherit;font-weight:bold;font-size:inherit;line-height:inherit;font-family:inherit;vertical-align:baseline;\">Nota:<\/span> Norma general per a qualsevol tassa en \u00fas dom\u00e8stic. Sobretot per a caf\u00e8 sol. <\/p>\n","protected":false},"excerpt":{"rendered":"<p><span style=\"color:#2f1a13;font-family:Lato;font-size:15px;background-color:#ffffff;\">Tota la nostra vaixella est\u00e0 produ\u00efda amb cer\u00e0mica de molt alta qualitat. La tassa hi juga un paper fonamental perqu\u00e8 l&#8217;experi\u00e8ncia de gaudi del caf\u00e8 o la infusi\u00f3 sigui completa (Tassa+plat). <\/span><\/p>\n","protected":false},"featured_media":11063,"template":"","meta":{"inline_featured_image":false},"product_brand":[],"product_cat":[505,489],"product_tag":[],"class_list":{"0":"post-11515","1":"product","2":"type-product","3":"status-publish","4":"has-post-thumbnail","6":"product_cat-vajilla-ca","7":"product_cat-altres","9":"first","10":"instock","11":"taxable","12":"shipping-taxable","13":"purchasable","14":"product-type-simple"},"_links":{"self":[{"href":"http:\/\/cafecrem.com\/ca\/wp-json\/wp\/v2\/product\/11515","targetHints":{"allow":["GET"]}}],"collection":[{"href":"http:\/\/cafecrem.com\/ca\/wp-json\/wp\/v2\/product"}],"about":[{"href":"http:\/\/cafecrem.com\/ca\/wp-json\/wp\/v2\/types\/product"}],"wp:featuredmedia":[{"embeddable":true,"href":"http:\/\/cafecrem.com\/ca\/wp-json\/wp\/v2\/media\/11063"}],"wp:attachment":[{"href":"http:\/\/cafecrem.com\/ca\/wp-json\/wp\/v2\/media?parent=11515"}],"wp:term":[{"taxonomy":"product_brand","embeddable":true,"href":"http:\/\/cafecrem.com\/ca\/wp-json\/wp\/v2\/product_brand?post=11515"},{"taxonomy":"product_cat","embeddable":true,"href":"http:\/\/cafecrem.com\/ca\/wp-json\/wp\/v2\/product_cat?post=11515"},{"taxonomy":"product_tag","embeddable":true,"href":"http:\/\/cafecrem.com\/ca\/wp-json\/wp\/v2\/product_tag?post=11515"}],"curies":[{"name":"wp","href":"https:\/\/api.w.org\/{rel}","templated":true}]}}

6 Tasses de cafè amb llet relleu + 6 plats by Ideal Coffee

<div class="std" style="margin:0px;padding:0px;border:0px;font-size:15px;line-height:inherit;font-family:Lato;vertical-align:baseline;color:#2f1a13;background-color:#ffffff;">
<p style="margin:0px 0px 10px;padding:0px;border:0px;font-style:inherit;font-variant:inherit;font-weight:inherit;font-size:inherit;line-height:20px;font-family:inherit;vertical-align:baseline;text-align:justify;">Material de molt alta qualitat, amb gran gruix i resistència. Si la fas servir de manera domèstica, primer escalfa la tassa 6 segons al microones perquè la baixa temperatura no trenqui la crema del teu cafè.</p>
</p></div>
<p style="margin:0px 0px 10px;padding:0px;border:0px;font-size:15px;line-height:20px;font-family:Lato;vertical-align:baseline;color:#2f1a13;background-color:#ffffff;"><span style="margin:0px;padding:0px;border:0px;font-style:inherit;font-variant:inherit;font-weight:bold;font-size:inherit;line-height:inherit;font-family:inherit;vertical-align:baseline;">Nota:</span> Norma general per a qualsevol tassa en ús domèstic. Sobretot per a cafè sol. </p>

<p><span style="color:#2f1a13;font-family:Lato;font-size:15px;background-color:#ffffff;">Tota la nostra vaixella està produïda amb ceràmica de molt alta qualitat. La tassa hi juga un paper fonamental perquè l&#8217;experiència de gaudi del cafè o la infusió sigui completa (Tassa+plat). </span></p>
