{"id":11492,"date":"2020-03-17T16:16:22","date_gmt":"2020-03-17T16:16:22","guid":{"rendered":"https:\/\/cafecrem.shortcode.es\/producto\/6-tasses-de-tallat-plats-by-cafe-crem\/"},"modified":"2025-03-04T19:09:22","modified_gmt":"2025-03-04T19:09:22","slug":"6-tasses-de-tallat-plats-by-cafe-crem","status":"publish","type":"product","link":"http:\/\/cafecrem.com\/ca\/producte\/6-tasses-de-tallat-plats-by-cafe-crem\/","title":{"rendered":"6 Tasses de tallat + plats by Caf\u00e8 Crem"},"content":{"rendered":"<div class=\"std\" style=\"margin:0px;padding:0px;border:0px;font-size:15px;line-height:inherit;font-family:Lato;vertical-align:baseline;color:#2f1a13;background-color:#ffffff;\">\n<p style=\"margin:0px 0px 10px;padding:0px;border:0px;font-style:inherit;font-variant:inherit;font-weight:inherit;font-size:inherit;line-height:20px;font-family:inherit;vertical-align:baseline;text-align:justify;\">Material de molt alta qualitat amb gran gruix i resistencia. Si la fas servir de manera dom\u00e8stica, primer escalfa la tassa 6 segons al microones perqu\u00e8 la baixa temperatura no trenqui la crema en fer el teu caf\u00e8. <\/p>\n<\/p><\/div>\n<p style=\"margin:0px 0px 10px;padding:0px;border:0px;font-size:15px;line-height:20px;font-family:Lato;vertical-align:baseline;color:#2f1a13;background-color:#ffffff;\"><span style=\"margin:0px;padding:0px;border:0px;font-style:inherit;font-variant:inherit;font-weight:bold;font-size:inherit;line-height:inherit;font-family:inherit;vertical-align:baseline;\">Nota:<\/span> Norma general per a qualsevol tassa en \u00fas dom\u00e8stic. Sobretot per a caf\u00e8 sol. <\/p>\n","protected":false},"excerpt":{"rendered":"<p><span style=\"color:#2f1a13;font-family:Lato;font-size:15px;background-color:#ffffff;\">6 tasses de molt alta qualitat, unint resist\u00e8ncia i disseny. Amb un discret serigrafiat interior (Tassa+plat) <\/span><\/p>\n","protected":false},"featured_media":11083,"template":"","meta":{"inline_featured_image":false},"product_brand":[],"product_cat":[505,489],"product_tag":[],"class_list":{"0":"post-11492","1":"product","2":"type-product","3":"status-publish","4":"has-post-thumbnail","6":"product_cat-vajilla-ca","7":"product_cat-altres","9":"first","10":"instock","11":"taxable","12":"shipping-taxable","13":"purchasable","14":"product-type-simple"},"_links":{"self":[{"href":"http:\/\/cafecrem.com\/ca\/wp-json\/wp\/v2\/product\/11492","targetHints":{"allow":["GET"]}}],"collection":[{"href":"http:\/\/cafecrem.com\/ca\/wp-json\/wp\/v2\/product"}],"about":[{"href":"http:\/\/cafecrem.com\/ca\/wp-json\/wp\/v2\/types\/product"}],"wp:featuredmedia":[{"embeddable":true,"href":"http:\/\/cafecrem.com\/ca\/wp-json\/wp\/v2\/media\/11083"}],"wp:attachment":[{"href":"http:\/\/cafecrem.com\/ca\/wp-json\/wp\/v2\/media?parent=11492"}],"wp:term":[{"taxonomy":"product_brand","embeddable":true,"href":"http:\/\/cafecrem.com\/ca\/wp-json\/wp\/v2\/product_brand?post=11492"},{"taxonomy":"product_cat","embeddable":true,"href":"http:\/\/cafecrem.com\/ca\/wp-json\/wp\/v2\/product_cat?post=11492"},{"taxonomy":"product_tag","embeddable":true,"href":"http:\/\/cafecrem.com\/ca\/wp-json\/wp\/v2\/product_tag?post=11492"}],"curies":[{"name":"wp","href":"https:\/\/api.w.org\/{rel}","templated":true}]}}

6 Tasses de tallat + plats by Cafè Crem

<div class="std" style="margin:0px;padding:0px;border:0px;font-size:15px;line-height:inherit;font-family:Lato;vertical-align:baseline;color:#2f1a13;background-color:#ffffff;">
<p style="margin:0px 0px 10px;padding:0px;border:0px;font-style:inherit;font-variant:inherit;font-weight:inherit;font-size:inherit;line-height:20px;font-family:inherit;vertical-align:baseline;text-align:justify;">Material de molt alta qualitat amb gran gruix i resistencia. Si la fas servir de manera domèstica, primer escalfa la tassa 6 segons al microones perquè la baixa temperatura no trenqui la crema en fer el teu cafè. </p>
</p></div>
<p style="margin:0px 0px 10px;padding:0px;border:0px;font-size:15px;line-height:20px;font-family:Lato;vertical-align:baseline;color:#2f1a13;background-color:#ffffff;"><span style="margin:0px;padding:0px;border:0px;font-style:inherit;font-variant:inherit;font-weight:bold;font-size:inherit;line-height:inherit;font-family:inherit;vertical-align:baseline;">Nota:</span> Norma general per a qualsevol tassa en ús domèstic. Sobretot per a cafè sol. </p>

<p><span style="color:#2f1a13;font-family:Lato;font-size:15px;background-color:#ffffff;">6 tasses de molt alta qualitat, unint resistència i disseny. Amb un discret serigrafiat interior (Tassa+plat) </span></p>
